the prime factors of 748425.
3, 5, 17, 587
List the prime factors of 110968.
2, 11, 13, 97
What are the prime factors of 9395196?
2, 3, 19, 89, 463
List the prime factors of 415118.
2, 11, 18869
List the prime factors of 376154.
2, 31, 6067
List the prime factors of 107806.
2, 19, 2837
List the prime factors of 392180.
2, 5, 19609
List the prime factors of 2481597.
3, 30637
List the prime factors of 20017419.
3, 6672473
List the prime factors of 1184116.
2, 389, 761
List the prime factors of 219529.
219529
List the prime factors of 6898455.
3, 5, 41, 3739
List the prime factors of 927407.
13, 71339
What are the prime factors of 31473738?
2, 3, 47, 12401
What are the prime factors of 525381?
3, 73, 2399
List the prime factors of 449572.
2, 71, 1583
What are the prime factors of 2147480?
2, 5, 37, 1451
List the prime factors of 4005847.
4005847
List the prime factors of 2799907.
11, 254537
List the prime factors of 177128.
2, 7, 3163
List the prime factors of 1774202.
2, 887101
List the prime factors of 20998678.
2, 23, 269, 1697
What are the prime factors of 372361?
11, 33851
List the prime factors of 8521213.
8521213
List the prime factors of 293771.
263, 1117
List the prime factors of 12445778.
2, 53, 117413
What are the prime factors of 14495357?
991, 14627
List the prime factors of 9096226.
2, 467, 9739
What are the prime factors of 8818322?
2, 31, 142231
List the prime factors of 424417.
7, 60631
List the prime factors of 24732.
2, 3, 229
List the prime factors of 554235.
3, 5, 11, 3359
List the prime factors of 142433.
142433
List the prime factors of 5290355.
5, 7, 151153
What are the prime factors of 184355?
5, 36871
What are the prime factors of 32992882?
2, 13, 499, 2543
What are the prime factors of 954224?
2, 23, 2593
What are the prime factors of 104034?
2, 3, 7, 2477
What are the prime factors of 147758?
2, 13, 5683
What are the prime factors of 3243645?
3, 5, 8009
What are the prime factors of 693158?
2, 17, 19, 29, 37
List the prime factors of 5864130.
2, 3, 5, 37, 587
What are the prime factors of 205195?
5, 41039
What are the prime factors of 2879498?
2, 1439749
What are the prime factors of 1575703?
71, 22193
What are the prime factors of 8485030?
2, 5, 509, 1667
What are the prime factors of 160170?
2, 3, 5, 19, 281
List the prime factors of 5595341.
89, 62869
What are the prime factors of 9585272?
2, 19, 3319
List the prime factors of 33381.
3, 3709
List the prime factors of 2569104.
2, 3, 19, 313
List the prime factors of 6995131.
11, 13, 4447
What are the prime factors of 1186488?
2, 3, 1831
What are the prime factors of 458768?
2, 53, 541
List the prime factors of 269495.
5, 53899
What are the prime factors of 15581775?
3, 5, 11, 17, 101
What are the prime factors of 53691?
3, 11, 1627
List the prime factors of 359383.
31, 11593
What are the prime factors of 6345202?
2, 19, 166979
What are the prime factors of 7051?
11, 641
List the prime factors of 8622062.
2, 4311031
What are the prime factors of 509452?
2, 127363
List the prime factors of 664654.
2, 23, 14449
List the prime factors of 3167276.
2, 7, 113117
What are the prime factors of 159040?
2, 5, 7, 71
What are the prime factors of 108319?
19, 5701
What are the prime factors of 682826?
2, 223, 1531
What are the prime factors of 235406?
2, 117703
List the prime factors of 1130023.
1130023
List the prime factors of 434444.
2, 313, 347
What are the prime factors of 23667267?
3, 13, 46681
What are the prime factors of 698736?
2, 3, 14557
List the prime factors of 13929247.
13929247
List the prime factors of 141015.
3, 5, 7, 17, 79
List the prime factors of 50418.
2, 3, 2801
What are the prime factors of 33351?
3, 11117
List the prime factors of 6217914.
2, 3, 1036319
What are the prime factors of 13455294?
2, 3, 2242549
What are the prime factors of 11362445?
5, 103, 22063
List the prime factors of 584304.
2, 3, 7, 37, 47
What are the prime factors of 1991835?
3, 5, 44263
What are the prime factors of 3380759?
59, 57301
List the prime factors of 5132368.
2, 17, 18869
List the prime factors of 400465.
5, 13, 61, 101
List the prime factors of 10597637.
10597637
What are the prime factors of 2779921?
37, 75133
What are the prime factors of 617512?
2, 7, 11027
What are the prime factors of 3602349?
3, 400261
What are the prime factors of 279357?
3, 13, 19, 29
List the prime factors of 885524.
2, 53, 4177
List the prime factors of 321704.
2, 40213
What are the prime factors of 2950702?
2, 1475351
List the prime factors of 59122.
2, 7, 41, 103
List the prime factors of 144658.
2, 151, 479
List the prime factors of 3840362.
2, 421, 4561
List the prime factors of 5985825.
3, 5, 79811
List the prime factors of 1061281.
13, 81637
List the prime factors of 953806.
2, 7, 193, 353
What are the prime factors of 305534?
2, 152767
List the prime factors of 12923431.
2357, 5483
What are the prime factors of 964879?
964879
List the prime factors of 699573.
3, 7, 4759
What are the prime factors of 311895?
3, 5, 29, 239
What are the prime factors of 483102?
2, 3, 26839
What are the prime factors of 5629381?
347, 16223
What are the prime factors of 192349?
23, 8363
What are the prime factors of 491600?
2, 5, 1229
List the prime factors of 2886320.
2, 5, 109, 331
List the prime factors of 4906772.
2, 13, 127, 743
List the prime factors of 4741682.
2, 11, 215531
What are the prime factors of 1857617?
1857617
What are the prime factors of 92027?
13, 7079
List the prime factors of 616821.
3, 205607
What are the prime factors of 698885?
5, 11, 97, 131
What are the prime factors of 934912?
2, 11, 83
What are the prime factors of 1593255?
3, 5, 106217
List the prime factors of 8796703.
2857, 3079
List the prime factors of 273419.
79, 3461
What are the prime factors of 127741?
139, 919
List the prime factors of 708620.
2, 5, 11, 3221
What are the prime factors of 63832?
2, 79, 101
What are the prime factors of 791247?
3, 73, 3613
List the prime factors of 2481756.
2, 3, 206813
List the prime factors of 415518.
2, 3, 23, 3011
List the prime factors of 16140056.
2, 283, 7129
What are the prime factors of 7113798?
2, 3, 103, 1279
What are the prime factors of 268880?
2, 5, 3361
What are the prime factors of 2722884?
2, 3, 226907
What are the prime factors of 1340257?
887, 1511
List the prime factors of 474319.
474319
What are the prime factors of 1844358?
2, 3, 97, 3169
What are the prime factors of 2264144?
2, 141509
List the prime factors of 118478.
2, 59239
List the prime factors of 62852.
2, 19, 827
What are the prime factors of 397640?
2, 5, 9941
What are the prime factors of 89746?
2, 23, 1951
List the prime factors of 354714.
2, 3, 59119
List the prime factors of 107656.
2, 13457
What are the prime factors of 126310?
2, 5, 17, 743
What are the prime factors of 8726418?
2, 3, 167, 2903
List the prime factors of 217026.
2, 3, 4019
List the prime factors of 404209.
13, 17, 31, 59
What are the prime factors of 236780?
2, 5, 11839
What are the prime factors of 545371?
545371
What are the prime factors of 6290498?
2, 3145249
What are the prime factors of 11994032?
2, 139, 5393
What are the prime factors of 6144462?
2, 3, 29, 79, 149
What are the prime factors of 1032534?
2, 3, 19121
List the prime factors of 260786.
2, 83, 1571
What are the prime factors of 19977459?
3, 59, 1913
List the prime factors of 1488690.
2, 3, 5, 7, 17, 139
What are the prime factors of 1814155?
5, 7, 17, 3049
What are the prime factors of 3778069?
967, 3907
List the prime factors of 27567.
3, 1021
What are the prime factors of 1385616?
2, 3, 28867
List the prime factors of 1862195.
5, 23, 16193
What are the prime factors of 4798658?
2, 17, 113, 1249
List the prime factors of 186890.
2, 5, 11, 1699
List the prime factors of 1744.
2, 109
What are the prime factors of 12101349?
3, 13, 310291
List the prime factors of 13450458.
2, 3, 7, 293, 1093
List the prime factors of 8988.
2, 3, 7, 107
List the prime factors of 245596.
2, 13, 4723
List the prime factors of 713854.
2, 356927
What are the prime factors of 798353?
23, 103, 337
What are the prime factors of 1107765?
3, 5, 103, 239
List the prime factors of 2690402.
2, 11, 13, 23, 409
List the prime factors of 2677060.
2, 5, 133853
What are the prime factors of 26703095?
